termine p(-1).
-61
Let r(c) = 100*c**3 - 4*c**2 - 12*c + 27. Calculate r(2).
787
Let s(c) = 657*c**2 + 37378*c - 4033. Give s(-57).
14
Let c(h) = -h**2 + 1549*h - 461100. Determine c(402).
-6
Let y(c) = -c**2 - 47*c - 544. Determine y(-13).
-102
Let q(a) = -a**3 + 318*a**2 - 945*a - 495. What is q(315)?
-495
Let j(b) = -b**2 - 673*b + 3976. Calculate j(6).
-98
Let t(j) = -2*j**3 + 270*j**2 + 535*j + 1599. Give t(137).
-182
Let g(q) = q**3 - 781*q**2 - 41553*q - 143. Determine g(-50).
7
Let m(o) = 9*o**2 - 254*o - 340. Determine m(24).
-1252
Let l(b) = -2*b**2 + 262*b + 10712. Calculate l(-33).
-112
Let a(k) = -k**3 - 47*k**2 + 154*k + 21. Calculate a(5).
-509
Let d(h) = 191263*h - 382529. What is d(2)?
-3
Let u(p) = 220794*p + 1103953. Calculate u(-5).
-17
Let z(y) = y**2 + 10648*y + 74494. Determine z(-7).
7
Let s(t) = 5*t**2 - 173*t - 2413. What is s(-9)?
-451
Let l(a) = 2*a**3 - 37*a**2 - 20*a + 1146. Determine l(6).
126
Let n(q) = -q**3 - 290*q**2 - 539*q + 11971. What is n(-288)?
1315
Let w(j) = -4*j**3 + 86*j**2 + 822*j - 17119. Determine w(22).
-3
Let l(b) = b**2 + 14725*b - 191575. Give l(13).
19
Let a(s) = -9*s**3 - 112*s**2 + 260*s + 3648. Determine a(-6).
0
Let m(g) = g**3 + 22*g**2 - 253*g - 142. Give m(-30).
248
Let m(l) = -l**2 - 894*l + 125732. Calculate m(123).
641
Let x(y) = y**2 - 11033*y + 66158. Calculate x(6).
-4
Let s(u) = u**3 + 13*u**2 + 2038*u + 6032. Give s(-3).
8
Let z(b) = 118762*b + 118880. Determine z(-1).
118
Let n(x) = x**3 - 16*x**2 - 865*x + 14411. Determine n(17).
-5
Let i(g) = -13*g**2 + 417*g - 3079. Determine i(10).
-209
Let h(q) = q**3 - 150*q**2 + 11*q - 834. Determine h(150).
816
Let s(p) = p**2 - 390481*p + 1561911. Determine s(4).
3
Let b(t) = 52*t**3 - t**2 - 201*t - 408. Give b(-2).
-426
Let k(b) = -b**3 + 64*b**2 - 172*b + 2743. Calculate k(62).
-233
Let h(m) = 46873*m + 327977. What is h(-7)?
-134
Let f(d) = -435*d - 95046. Give f(-214).
-1956
Let d(p) = p**3 + 6*p**2 + 358*p + 2072. Determine d(-6).
-76
Let z(s) = 2752*s - 710021. Calculate z(258).
-5
Let w(r) = -r**2 + 1572*r + 33425. Give w(-21).
-28
Let o(i) = 334*i + 2794. What is o(-8)?
122
Let l(u) = 2*u**2 - 331*u + 6910. Determine l(141).
1
Let a(f) = -4*f**3 + 276*f**2 + 19*f - 44. Calculate a(69).
1267
Let q(l) = 123*l**2 + 1017*l - 3030. Give q(3).
1128
Let w(a) = 366*a - 8710. Calculate w(24).
74
Let h(c) = 168261*c - 2187404. Calculate h(13).
-11
Let p(o) = 2*o**2 - 35169*o - 492756. Calculate p(-14).
2
Let z(x) = 3137*x + 458007. Give z(-146).
5
Let j(r) = 14*r**3 + 310*r**2 + 23*r - 542. Give j(-22).
-80
Let v(m) = -291*m**2 + 26196*m - 548. What is v(90)?
-8
Let k(h) = -2454*h + 41732. Determine k(17).
14
Let a(k) = -10*k**2 - 55*k - 142. Determine a(-10).
-592
Let l(k) = -8*k**2 - 4170*k + 42502. Determine l(10).
2
Let g(s) = -18824*s - 69. Give g(0).
-69
Let z(h) = 22*h**2 + 644*h + 2138. What is z(-25)?
-212
Let k(l) = 28*l - 704. Give k(12).
-368
Let v(z) = -2*z**3 - 15*z**2 - 619*z - 6677. Give v(-10).
13
Let n(y) = -1885*y + 76. Give n(-1).
1961
Let z(y) = -5*y**3 + 125*y**2 - 112*y - 134. Give z(24).
58
Let s(f) = f**3 + 8*f**2 - 1516*f - 12169. Calculate s(-8).
-41
Let s(c) = -c**3 - 496*c**2 - 2443*c + 5900. What is s(-491)?
8
Let q(t) = 2*t**3 + 49*t**2 - 51*t - 161. Determine q(-28).
-4221
Let h(i) = i**3 + 80*i**2 + 914*i + 401. Calculate h(-66).
1061
Let i(f) = -f**2 + 15*f - 97. Determine i(30).
-547
Let q(i) = i**3 + 75*i**2 - 316*i + 269. Calculate q(-79).
269
Let q(g) = -2*g**3 + g**2 - 521*g - 5. Give q(0).
-5
Let d(f) = -2*f**3 - 203*f**2 + 736*f + 118. Determine d(-105).
13
Let k(v) = 160*v**2 - 219*v - 645. What is k(-3)?
1452
Let o(r) = 50*r**3 + 4*r**2 + 305*r + 852. Give o(-3).
-1377
Let c(f) = -4*f**2 + 311*f + 154. Give c(82).
-1240
Let a(h) = -23*h**3 + 736*h**2 + 102*h - 3268. Determine a(32).
-4
Let k(y) = -271*y**2 - 5955*y + 178. Determine k(-22).
24
Let h(w) = 1013*w**2 + 3044*w + 4. Determine h(-3).
-11
Let m(q) = 3*q**2 - 865*q + 16953. Determine m(267).
-135
Let h(p) = p**3 + 105*p**2 + 296*p - 331. Determine h(-102).
689
Let z(h) = h**2 + 6545*h - 349698. Give z(53).
-4
Let d(g) = -613*g + 2740. What is d(8)?
-2164
Let y(p) = p**3 - 294*p**2 + 4707*p + 546. Calculate y(277).
-8
Let l(p) = 18916*p**2 + 1702421*p - 1705. Determine l(-90).
5
Let r(t) = 73941*t + 296127. What is r(-4)?
363
Let k(r) = 5*r**3 - 14*r**2 - 150*r + 538. Determine k(3).
97
Let u(r) = -1397*r - 7108. Determine u(-5).
-123
Let f(a) = 2*a**3 + 624*a**2 - 637*a - 3631. Determine f(-313).
-188
Let k(s) = 2*s**2 - 79*s - 1033. Calculate k(49).
-102
Let v(z) = 24*z**2 + 1004*z - 4396. Give v(4).
4
Let u(v) = 362*v**2 - 58280*v - 308. Give u(161).
14
Let p(k) = -163960*k - 9673633. What is p(-59)?
7
Let p(k) = -38*k + 391. Calculate p(17).
-255
Let h(v) = -13635*v - 204514. What is h(-15)?
11
Let u(q) = 11440*q - 686960. Calculate u(60).
-560
Let t(u) = -5*u**2 - 1572*u + 2535. What is t(-316)?
7
Let j(o) = o**2 + 7079*o - 106415. What is j(15)?
-5
Let t(z) = 49330*z + 345312. Calculate t(-7).
2
Let z(l) = -11625*l**2 + 23262*l - 6. Give z(2).
18
Let n(a) = -a**2 + 99*a + 32675. What is n(237)?
-31
Let l(m) = m**2 - 33015*m - 198116. Give l(-6).
10
Let j(l) = -201646*l - 59485572. Calculate j(-295).
-2
Let y(h) = 10314*h - 152531. What is y(15)?
2179
Let o(j) = -j**3 + 17*j**2 - 42*j + 23. Determine o(6).
167
Let v(z) = 186802*z + 5043658. Determine v(-27).
4
Let o(m) = -m**3 - 5*m**2 - 16427*m - 181411. Give o(-11).
12
Let a(p) = p**3 - 3*p**2 + 32*p - 109. Calculate a(4).
35
Let g(x) = x**3 + 35*x**2 + 99*x - 884. What is g(-31)?
-109
Let u(w) = 23*w**2 + 5*w - 147. Determine u(-5).
403
Let b(k) = -k**2 + 534*k - 15070. Calculate b(30).
50
Let i(n) = 12*n**3 + 10*n**2 + 30*n + 98. Determine i(-4).
-630
Let t(q) = -q**3 + 74*q**2 + 409*q + 5687. Calculate t(80).
7
Let i(c) = -5*c**2 - 356*c - 3895. Determine i(-57).
152
Let b(m) = -m**3 + 12*m**2 - 106*m + 1472. Determine b(12).
200
Let a(y) = 22*y**2 - 147*y - 308. What is a(-2)?
74
Let h(l) = 236097*l - 236101. Determine h(1).
-4
Let w(g) = 1664*g - 61541. Determine w(37).
27
Let p(b) = 8*b**3 - 1256*b**2 - 18*b + 2831. Give p(157).
5
Let q(r) = -13*r**2 - 547*r + 26. Determine q(-44).
-1074
Let o(x) = x**3 + 241*x**2 + 2429*x - 1094. Determine o(-11).
17
Let k(w) = 35*w**3 + 4*w**2 + 12*w - 2. Determine k(-2).
-290
Let z(x) = -x**3 + 8*x**2 - 4*x + 1330. Calculate z(15).
-305
Let b(w) = 14*w + 1558. Calculate b(-102).
130
Let h(w) = 17*w - 2767. Determine h(60).
-1747
Let w(c) = 5*c**3 - 2422*c**2 - 4819*c + 58. Calculate w(-2).
-32
Let x(t) = -5*t**2 - 2312*t + 23523. Calculate x(10).
-97
Let o(k) = -k**3 + 6*k**2 - 13*k + 110. Determine o(6).
32
Let q(i) = 37*i**3 + 172*i**2 - 121*i - 18. What is q(-7)?
-3434
Let k(q) = 361424*q - 1807114. Determine k(5).
6
Let j(a) = 132*a - 1962. Give j(12).
-378
Let k(m) = m**3 - 352*m**2 + 13555*m - 132. Calculate k(44).
0
Let n(h) = 3394625*h + 20367758. Give n(-6).
8
Let s(a) = 2*a**2 + 56*a - 770. Calculate s(-31).
-584
Let f(c) = -9888*c - 128545. Calculate f(-13).
-1
Let u(i) = i**3 + 2*i**2 - 815*i - 2412. What is u(-3)?
24
Let t(j) = 652*j - 17004. Calculate t(26).
-52
Let t(p) = -2*p**3 + 11*p**2 + 917*p + 145. Calculate t(26).
-3729
Let d(j) = -j**3 + 63*j**2 - 473*j + 1115. Calculate d(55).
-700
Let x(l) = l**3 - 29*l**2 + 1466*l - 25712. Determine x(20).
8
Let l(x) = -5*x**3 - 127*x**2 + 376*x + 32. Give l(-28).
-304
Let r(n) = -n**2 + 2222*n - 110474. What is r(51)?
247
Let v(f) = 44*f + 323. What is v(-19)?
-513
Let g(n) = n**2 - 261*n - 26438. What is g(339)?
4
Let i(b) = 10374*b - 228261. Give i(22).
-33
Let g(n) = -230*n**2 - 1189*n - 2. Calculate g(-5).
193
Let m(x) = -241*x - 5749. Calculate m(-24).
35
Let u(q) = q**3 - 15*q**2 + 103*q - 1506. What is u(15)?
39
Let l(j) = 8357*j - 384430. Calculate l(46).
-8
Let y(a) = -a**3 + 74*a**2 - 467*a + 845. Determine y(67).
979
Let j(y) = 16*y**3 + 2200*y**2 + 3265*y + 108. Determine j(-136).
-28
Let x(q) = 632342*q + 5691072. What is x(-9)?
-6
Let v(n) = n**3 + 203*n**2 + 3879*n - 74641. What is v(-179)?
2
Let v(n) = -n**3 + 6*n**2 + 24*n + 15. Calculate v(0).
15
Let h(u) = 54895*u + 823466. Give h(-15).
41
Let p(g) = 25*g**2 - 581*g + 2889. Determine p(5).
609
Let g(l) 